divisor of 220 and p?
20
Suppose -45 = -10*q - 5. Let x = 1 + 0. What is the greatest common divisor of q and x?
1
Suppose -6 = -4*k + 3*k. Suppose 0 = 2*l - 2*q - 58, -q - 14 = -l - 3*q. Calculate the greatest common divisor of k and l.
6
Let y = -143 + 533. What is the greatest common divisor of y and 30?
30
Suppose 2 = 8*z - 6. What is the highest common factor of z and 1?
1
Suppose 0*q + 5*q - 290 = 0. Let a = q + 30. Suppose 3*z + a = 7*z. Calculate the greatest common factor of 242 and z.
22
Suppose i + 15 = 4*i - 2*y, 4*i + 2*y - 20 = 0. Let t(n) = 2*n + 4. Let m be t(i). Calculate the highest common divisor of m and 98.
14
Let q = 0 + 2. Let a(y) = y + 10. Let g(l) = 1. Let o(r) = q*a(r) - 18*g(r). Let j be o(2). Calculate the highest common divisor of 6 and j.
6
Let x be (-1 - 6)/((-2)/18). What is the greatest common factor of 9 and x?
9
Suppose -4*m = -5*d + 43, 5*d - m - 64 + 12 = 0. What is the greatest common factor of 55 and d?
11
Let s = 347 - 257. Suppose q - 5*q = -40. What is the highest common divisor of s and q?
10
Let d(g) = -30*g - 1. Let p be d(-3). Let a be -1*(-1 + p)*-1. Calculate the greatest common factor of a and 8.
8
Let f be 9/4*(-5 + 1). Let j be (18/5)/(f/(-60)). Calculate the greatest common divisor of j and 6.
6
Suppose 5*b = 3*i + 134, 5*b + 7*i = 5*i + 119. Calculate the highest common factor of 50 and b.
25
Let g be (-2 + -8)*2/4. Let d = -1 + g. Let s(f) = -2*f**3 - 10*f**2 - 7*f - 4. Let z be s(d). What is the highest common divisor of z and 10?
10
Let v be (-4)/(1 + (-188)/184). Suppose 3*w - w + 2 = 0, 3*q - 3*w = 72. Calculate the greatest common divisor of q and v.
23
Let s(k) = -k**3 + 6*k**2 + k - 3. Let m be s(6). Let i be (-8)/3*m/(-2). Suppose -i*b + 18 = -3*b. Calculate the highest common divisor of 54 and b.
18
Let t = -172 + 173. Let n(f) = -f**2 + 5*f + 4. Let r be n(4). What is the greatest common divisor of t and r?
1
Let y(r) = r + 12. Let t be y(-9). Suppose -103 = -t*a - 5*v - 6, 3*a - 77 = -v. Calculate the highest common factor of 6 and a.
6
Let i = 3 - -3. Calculate the greatest common divisor of i and 30.
6
Let w be ((-6)/30 - (-12)/10)*27. What is the highest common factor of 63 and w?
9
Suppose 7*f - 12*f = -600. Calculate the highest common divisor of f and 24.
24
Let b = -38 - -70. Suppose 3*y - 705 = -0*y. Suppose -3*t = w - y, -7*t = -2*t + w - 395. What is the highest common divisor of t and b?
16
Let h(b) = 147*b**2 - b - 1. Let x be h(-1). What is the greatest common factor of 21 and x?
21
Suppose -1 = -2*h - 5*a, -4*h = -0*h + a - 29. Let o(z) = z - 6. Let w be o(h). Let m = 1 + 4. What is the greatest common divisor of m and w?
1
Let f be (105/6)/(-1)*-2. Suppose -l + 5*c + 0*c + f = 0, 3*l - 5*c = 155. What is the greatest common factor of l and 15?
15
Suppose 2*f - 392 = 7*z - 3*z, z + 989 = 5*f. Let c(x) = 3*x**3 - 2. Let n be c(2). What is the greatest common factor of n and f?
22
Let b = 16 - -19. Suppose 0 = 3*d - 4*a + 2*a - 81, -d = 2*a - b. Calculate the greatest common factor of d and 58.
29
Let d = 8 - -69. Calculate the greatest common factor of d and 7.
7
Let u(h) = h**3 - 12*h**2 - 7*h - 18. Let f be u(13). Calculate the highest common factor of f and 15.
15
Let u = -1 + 12. Suppose 5*x - w - 2*w - 507 = 0, -3*w - 309 = -3*x. Calculate the greatest common factor of x and u.
11
Suppose -6*r + 2*r = -w - 361, 3*w - 357 = -4*r. What is the highest common factor of 36 and r?
18
Suppose -3*h + 4*b = 11, 4 = -3*h + 3*b - 2. Calculate the highest common factor of 9 and h.
3
Let x(f) be the first derivative of -f**2/2 + 16*f + 6. Let y be x(-14). Calculate the highest common divisor of 6 and y.
6
Let t = -67 - -193. What is the highest common divisor of 14 and t?
14
Let j(u) = u + 78. Let d be j(26). Calculate the highest common divisor of d and 8.
8
Suppose 5*z = -4*x + 240, 3*z + 208 = -x + 5*x. Suppose -3*q - x = -2*o + 9, -q - 2 = 0. What is the greatest common factor of 29 and o?
29
Let a(j) be the first derivative of j**4/4 + j**3 - 5*j**2/2 - 3*j + 1. Let z be a(-4). Calculate the greatest common divisor of z and 1.
1
Let c = 62 - 30. Suppose -3*b = 15, -2*g + b + 30 - 5 = 0. Suppose -3*h + c = -g. Calculate the highest common divisor of 14 and h.
14
Let v be 18/4 - (-3)/(-6). Let y(u) = -u**2 + 17*u - 9. Let o be y(15). Let z = 65 - o. Calculate the greatest common divisor of z and v.
4
Let n(s) = s**3 - 11*s**2 + 2*s + 10. Let r be n(11). Suppose -2*l - 3*l + 40 = 0. What is the greatest common divisor of r and l?
8
Let r(g) = g - 2. Let h be r(11). Let p = -6 - -9. What is the greatest common factor of p and h?
3
Suppose 3*u - 2*u = 5. Suppose 0 = 5*r - 5*k + k - 71, u*r = -2*k + 47. Calculate the highest common divisor of r and 44.
11
Let q = -94 - -139. Suppose -8 = -j - 5*m, 4*j - 7 - 1 = 4*m. Suppose j*v = 123 - 33. Calculate the highest common divisor of v and q.
15
Let j = 485 + -330. What is the greatest common divisor of 62 and j?
31
Let v = -126 - -326. Suppose 3*g = 8*g - v. What is the greatest common divisor of g and 10?
10
Let p = 37 + -20. What is the greatest common factor of 51 and p?
17
Let r(z) = z + 24. Let f be r(9). What is the greatest common divisor of 22 and f?
11
Suppose -4*t - 310 = -2*p, -2*t - 116 = 3*p + 27. Let s = t + 125. What is the highest common divisor of s and 7?
7
Suppose 3*b - q - 5 = 0, -q = 4*q - 20. Suppose b*x - 56 = -x. Suppose 19 = 4*n - 37. What is the greatest common factor of n and x?
14
Let f be 2 + (11 - (-2 - 0)). Suppose -50 = 5*i - f. Let t = i + 12. Calculate the greatest common factor of t and 35.
5
Suppose -5*j + 29 = 3*r - j, 0 = -4*j + 20. Let w be 1/(2 - r/2). Suppose -4*p - 36 = -w*h, -2*p + 5*p = -3. What is the highest common factor of 4 and h?
4
Let z = 593 + -1623. Let k = z + 1698. Suppose 3*j + 4*m = k, 3*j - 8*j + 1098 = -m. Calculate the greatest common factor of 20 and j.
20
Let w(h) = 3*h**3 - 6*h**2 + 5*h - 8. Let z be w(4). Calculate the highest common divisor of z and 6.
6
Let o = -15 + 29. Calculate the greatest common factor of 7 and o.
7
Let x = -65 + 131. Let i = x + -31. Calculate the highest common factor of i and 7.
7
Let o = -69 - -99. Let v be 5*(2*2 + -2). Calculate the highest common factor of v and o.
10
Let y = 161 - 18. Calculate the greatest common factor of y and 13.
13
Let c = -23 - -25. Suppose 3*y = c*j + 265, j + 42 = -5*y + 462. Calculate the greatest common factor of y and 34.
17
Suppose x + 10 = 43. Let j(o) = -7*o + 1. Let z be j(-3). Calculate the greatest common divisor of x and z.
11
Let j be -1*(-2 + 1 - -1). Suppose j = -y + 3. Let l be (12/14)/((-1)/(-7)). What is the highest common factor of y and l?
3
Let t = -19 + 15. Let y be ((-272)/(-12) + t)*3. Calculate the greatest common factor of 14 and y.
14
Let m = 155 + 32. Calculate the highest common divisor of 17 and m.
17
Let s be (-1*(-98)/(-21))/((-4)/18). What is the highest common factor of 14 and s?
7
Let y = -18 - 20. Let d be y/8*(-6 - -2). Let n = d - 9. What is the highest common divisor of n and 30?
10
Suppose -t + 16 = -5. What is the highest common factor of t and 105?
21
Suppose -4 = -a, -2*r + 7 + 3 = -4*a. Let j(w) = 2*w + 4 - 3*w + 2*w - 4*w. Let u be j(-3). What is the greatest common factor of r and u?
13
Suppose -2*u + 45 = 3*u - 4*w, 3*u + w = 10. Let r = 8 - 5. Let s be ((-40)/r)/(1/(-3)). Calculate the highest common divisor of s and u.
5
Let i = 1554 + -981. Suppose i = 4*p - 0*p + j, p = 3*j + 140. Calculate the greatest common divisor of p and 13.
13
Let n(u) = 16*u**2 + 9*u**2 + 3*u + 2 + 4*u**2. Let s be n(-2). Let p be (36/(-14))/((-6)/s). What is the greatest common factor of 12 and p?
12
Let z = -143 + 272. What is the greatest common factor of 43 and z?
43
Suppose -56 = -10*b - 16. What is the highest common factor of 4 and b?
4
Let f be 2 + -3 - (-147 - 1). What is the highest common factor of f and 21?
21
Let w be 12/20 + 197/5. Calculate the highest common factor of w and 200.
40
Suppose 4*l - 246 = 5*c - 693, 3*c - 281 = -4*l. What is the highest common divisor of c and 13?
13
Suppose 5*f + 24 = -2*c, 6 - 26 = 4*c + 3*f. Let d be ((-25)/c)/(-5)*-20. Let r = 4 + 16. What is the greatest common divisor of r and d?
10
Suppose 4*t - 12 = 2*t. Let l(j) = 3*j**2 - 6. Le